10 - (4 + (3 - 0)) - 1.
2
-4 - (-13 - (-4 - -1))
6
What is the value of 14 - (10 - 2) - 15?
-9
What is -7 - -13 - (6 + (0 - -2))?
-2
What is 2 - (-2 - (-1 - 1))?
2
-10 - (-7 - 2) - (2 - -2)
-5
Evaluate -3 + (-1 - 0) + 3.
-1
Calculate 7 + -4 - 0 - (2 - -2).
-1
3 + ((-2 - -6) + -3 - 0)
4
What is the value of 1 + 3 + (3 - 5 - 4)?
-2
What is (-1 - 3) + (-5 - -5)?
-4
What is the value of 19 + -28 + (4 - 0)?
-5
-3 + 8 - (0 + (-6 - -6))
5
Calculate 24 + -20 + -11 + 6 + -3.
-4
Evaluate 10 + 27 + -22 + (-10 - 1).
4
Calculate 6 - (-11 + 20) - 3.
-6
What is 8 + (-18 - -7 - 3)?
-6
Calculate 2 + -3 + 3 + -6 + -1.
-5
Evaluate -14 + (20 - (15 - 3)).
-6
Evaluate (5 - 7 - 19) + 11.
-10
Evaluate -1 - (6 + -6) - 4.
-5
Evaluate -9 + (6 - -10) - 10.
-3
6 + (-4 - (14 - 7))
-5
What is the value of -1 + -1 + 5 - (-13 - -12)?
4
-8 - (3 - (5 - 3 - -5))
-4
What is the value of (-9 - -1) + 134 + -123?
3
Evaluate 37 + -38 - (1 + -11).
9
Evaluate (-4 - -1) + (-5 - (-2 - 2)).
-4
1 - (2 - -3 - 3)
-1
What is 2 - ((6 - 6 - -6) + 0)?
-4
What is the value of (-7 + 0 - (-1 - 3)) + 0?
-3
What is the value of 36 + -42 - ((2 - 2) + -9)?
3
What is the value of -4 + 2 + (-3 - -4)?
-1
(-3 + -5 - -4) + 6
2
Calculate (0 - 7) + (19 - 6).
6
What is the value of 0 + -1 + (10 + -10 - -6)?
5
What is 7 + (0 + -20 - -5) + 7?
-1
Evaluate 2 - (-8 - -7) - -3.
6
Evaluate 2 + -1 + (-2 - 1).
-2
What is 7 + -7 + 1 + -1 - 1?
-1
-2 + 2 + -2 + 2
0
What is -1 - (0 + -4 + 3 + -1)?
1
What is (113 - 112) + 1 + 4?
6
Calculate 32 + -36 - (-1 + 0 - 0).
-3
What is the value of -6 + 17 + -8 - 2 - 6?
-5
Evaluate (-13 - -19) + 9 + -17.
-2
What is -2 + -7 + -55 + 70?
6
Evaluate 4 + -3 - (2 + -4).
3
Calculate 4 + -5 + (2 - 1).
0
What is 8 + (-4 - -2) - (22 - 21)?
5
Calculate (-14 - -22 - 10) + -4 + 0.
-6
What is the value of -9 + -62 + 70 + -2 + -1?
-4
Evaluate 11 + -19 + (-7 - -4).
-11
What is 10 + -6 + 3 + -9 + -1?
-3
13 - (10 - 4) - 14
-7
What is the value of (-4 - 0 - -5) + 0 + -6?
-5
(0 - -7) + (-11 - -9)
5
-3 + 4 - (0 + (3 - 0))
-2
What is the value of -3 + -1 + (-3 - -3) + 11?
7
2 + -5 + (2 - (-10 + 4))
5
Evaluate (1 - 0) + -2 - (6 - 8).
1
What is the value of 0 + -2 + -1 + 3 + 0?
0
What is the value of -7 + 0 + -5 + (4 - -6)?
-2
What is -183 + 174 - (0 - 17)?
8
Evaluate -22 - -22 - (0 - (2 - 1)).
1
What is the value of 1 + (-6 - -4) - (10 + -6)?
-5
What is 6 - (-9 + 23) - (2 + -15)?
5
Calculate (-3 - (-5 + 2)) + 0 - 4.
-4
What is -3 - (-6 - 2) - 3?
2
Evaluate 0 + 5 + (17 - 28) - -2.
-4
Calculate 0 + 3 + 0 + (38 - 36).
5
Evaluate -7 - (-1 - 5) - 3.
-4
Evaluate 3 + 0 + 9 + 0 + -8.
4
What is the value of -6 + 6 + -1 + -6?
-7
Calculate (0 - 1) + 7 + -7.
-1
Evaluate 37 + -45 - (-5 + (2 - 2)).
-3
Calculate -2 + (-5 - -7) + 0 + -4.
-4
Evaluate (3 - 11) + 5 - (-1 + 5).
-7
(-4 - 2) + (32 - 32)
-6
Calculate -5 - (-13 + 9 + -3).
2
Evaluate 0 + 0 + 0 + -5.
-5
Evaluate (4 - 14) + (1 - -2).
-7
Calculate -1 + -1 - (2 - 6).
2
0 + (-1 - -3) + (-9 - -12)
5
Calculate (4 - 1) + (13 + -10 - 10).
-4
Evaluate 8 + -2 + -6 + 2 + 2.
4
What is the value of -5 + 1 + -5 + 10?
1
(2 - 0) + 14 + -14
2
Evaluate (-5 - -20 - 14) + 2 + 1.
4
Evaluate (3 - 4) + (0 - -1) + -3.
-3
What is the value of -5 + (11 + -8 - 2)?
-4
Calculate -1 - (9 + -6 + -9 - -11).
-6
What is the value of -3 - (14 + -2 + -2 - 7)?
-6
What is the value of 1 + 4 - (1 + 2 + 5)?
-3
What is 3 + 3 + (1 - 9)?
-2
-3 - (4 + (-3 - (13 - 5)))
4
What is 10 - (14 - 5) - -6?
7
Evaluate -4 - (4 + (2 - -1) + -14).
3
Calculate 1 + 1 + -1 - (0 + -2).
3
What is the value of -2 + (5 - 0) + -4 + 2?
1
What is the value of 1 - (0 + (-1 + 0 - -3))?
-1
What is 3 - (7 - 3 - (2 + 0))?
1
What is the value of (4 + -6 - (-2 + 1)) + 3?
2
What is the value of 2 - 4 - (4 - (0 - -2))?
-4
Calculate 0 - (-4 - (-4 + 4 - -1)).
5
Calculate -13 + 8 + 13 - (0 + -1).
9
(5 - (-10 + 9)) + 0 + -1
5
(3 - -4) + -8 - -7
6
Evaluate 1 + -3 - (-8 - -11) - -1.
-4
What is (2 - 0) + -3 + 3 - -2?
4
(1 - 3) + 70 + -65
3
Calculate -4 - (3 - (-3 - -9)).
-1
Calculate -3 - (-10 + 5 - -3).
-1
Calculate (90 - 77) + -8 + 0 + 2.
7
What is -8 + (-2 - -8) + (-3 - -1)?
-4
(-3 + 3 - 3) + 4 + -1
0
What is the value of 29 + -34 - (-6 + 1)?
0
Evaluate (-2 + 3 - -5 - 4) + 4.
6
-3 - (-6 + (-4 - -9))
-2
What is 9 - (-9 - (-8 + -4))?
6
Evaluate 20 + -16 - (5 - -1).
-2
-9 + -4 - (-10 - -2)
-5
Evaluate (-8 - -4) + 3 + -2.
-3
Evaluate -1 + 3 + -11 + 7.
-2
Evaluate -1 - (-1 - (-10 + 6)).
-4
What is the value of (-1 - 0) + (-4 - -12 - 5)?
2
Evaluate (-1 - -2) + -3 - 6 - -5.
-3
Calculate (8 - 0) + (-32 - -29).
5
Calculate 3 - (1 - 2) - 4.
0
What is the value of -9 - (-49 - -46 - (1 - 6))?
-11
What is the value of 4 - (-4 - (-5 - -2))?
5
Calculate (-8 - (-7 - (4 + -6))) + 11.
8
What is -11 + 8 + (-1 - 1) - 0?
-5
What is 3 - (-8 + -11 + 17)?
5
Calculate (-1 + 3 - -1) + (12 - 14).
1
2 - 5 - 6 - -5
-4
What is -15 - (-7 - (-1 + 3))?
-6
Evaluate -7 - (-12 - -5 - (4 + 2)).
6
Evaluate -2 - 0 - (0 + -3).
1
What is the value of (-5 - -4) + (-2 - 0)?
-3
What is the value of -7 - -10 - (6 + -2 + 2)?
-3
What is the value of -5 + (6 - 11) + 8?
-2
Evaluate -2 - (-3 + (0 - -1)).
0
What is -3 + (0 - 4) - -4?
-3
What is the value of 2 - (-1 + 4 - (14 - 12))?
1
What is the value of -6 + (7 - 2) - 2?
-3
Calculate 1 + (1 - 2) - (-4 - 1).
5
Evaluate -4 + 1 + -4 + 11.
4
Evaluate -3 + -6 + 12 + -9.
-6
What is the value of (-4 + 1 - (17 + -12)) + 2?
-6
What is the value of 83 + -80 - ((-2 - -1) + 3)?
1
What is 0 + 0 - (6 + -2 + 1)?
-5
Calculate (-10 - (-4 + 0)) + 9.
3
Calculate -10 - (2 + -4) - -7 - 5.
-6
Calculate -6 + (25 - 12) + 2.
9
What is 2 - 2 - (0 + -3)?
3
Evaluate -3 - 1 - -1 - (-2 + 3).
-4
Calculate (-1 - 1) + (52 - 49).
1
1 + (-2 - -4) - (-20 + 23)
0
What is -3 + (-2 + 5 - (3 + -3))?
0
What is (-2 - (3 + -7)) + 3?
5
(0 - (2 - 5)) + 0 + 0
3
What is the value of -95 + 95 + (-5 - 2)?
-7
Evaluate -3 + -1 + 3 - -2.
1
What is 8 + (33 - 34) + 0 + 1?
8
What is the value of -1 - (-4 + (1 - -2))?
0
What is the value of -5 - (-4 + -8) - 2?
5
Evaluate -6 - 0 - (-20 - -12).
2
What is -4 + (3 - 0) + -1?
-2
(-3 - (-7 - 2)) + -5
1
Evaluate -3 + (-2 - -2 - -4) + 2.
3
Calculate (15 - 9) + 1 + -6.
1
What is -2 + -3 - 1 - 2 - -6?
-2
What is 7 - (-4 + (7 - -3))?
1
What is (-2 - 2) + (3 - (-5 - 0))?
4
Calculate -16 - -8 - (0 + -2).
-6
What is the value of (-2 - 1) + 3 - 7?
-7
What is the value of 2 + 3 + -1 + -2?
2
Calculate 3 + (-2 + 1 - -3).
5
Evaluate -1 + 6 + -53 + 52.
4
-2 + -1 + (7 - (7 - 7))
4
-1 - 6 - (60 - 75)
8
Evaluate 0 - ((1 - 1) + 4).
-4
-11 + 6 + 0 + 3 - -1
-1
Calculate (-4 - 0) + (-35 - -41).
2
Calculate -6 + 9 + -6 - -6.
3
Evaluate -3 + (0 - 0) + 5 + -5.
-3
Calculate 0 + -1 + -3 + (2 - 2).
-4
Calculate -5 + 2 - (-11 + (4 - 1)).
5
(-30 - -37) + (-2 - -3 - 7)
1
What is -2 + ((0 - 4) + 1 - -4)?
-1
What is the value of (-3 - 2) + 0 + -4 + 5?
-4
Calculate 0 + -7 - (-67 + 63).
-3
What is -1 - ((0 - -4) + -1 + 3)?
-7
Evaluate 2 + -2 + 6 + -5 + -3.
-2
Evaluate (5 - 15 - -7) + -6 + 1.
-8
Evaluate 2 + -5 + 3 + -8 + 4.
-4
Evaluate (6 - 3) + (0 - -4) + -4.
3
What is the value of 0 + -1 + 4 + -39 + 32?
-4
Calculate 2 + -7 - 15 - -10.
-10
What is -6 + (0 + 1 - -3) + -3?
-5
What is the value of -3 + 4 + 0 + -5?
-4
Calculate 4 - (10 + (-4 - (4 - 6))).
-4
Evaluate (18 - (-15 - -25)) + -7 + 0.
1
Evaluate 1 + -5 - -11 - (0 + 3).
4
What is -7 + (-3 - -7) + -2 + 2?
-3
What is (7 - (4 - 12)) + -7?
8
Calculate 3 + 14 - 29 - (-4 + 0).
-8
Evaluate -4 + -5 + 6 + -2 - 0.
-5
What is the value of (-2 - -4) + -2 + 5 + -9?
-4
What is the value of -4 + 7 - (-2 - -1 - -2)?
2
Calculate (7 - 1) + (3 - 1) + -3.
5
7 - (-2 - 3 - -7 - 3)
8
Calculate 0 - (-11 + (5 - 0)) - 17.
-11
Calculate (-8 + -1 - -17) + (-1 - 1).
6
Calculate (-7 - -1) + 10 + -9 + 5.
0
What is (4 - 4) + 2 - 4?
-2
Evaluate -4 + (2 - 0) + (5 - 5).
-2
What is (72 - 63 - (7 - 1)) + -7?
-4
Evaluate (152 - 149) + (0 - (0 + 1)).
2
Calculate -5 - -10 - 1 - (1 - -4).
-1
Evaluate -2 - (0 + (1 - 1) + 3).
-5
-20 - -23 - (1 + 1)
1
Evaluate -8 - (-1 + -6) - -4.
3
What is -3 + (4 - -2) + -4?
-1
Calculate -1 + (-1 - -1) + -1 - 3.
-5
1 + -4 + (6 + -4 - -1)
0
What is the value of -4 + 4 + 3 + 1?
4
What is the value of -14 + 2 + 7 - -5?
0
-2 - (-4 + 1 + -1 + 2)
0
What is the value of 2 + 6 + -5 + -2?
1
Evaluate 3 - (1 - 3 - -7).
-2
What is the value of 